{"id":33,"date":"2019-12-15T22:35:08","date_gmt":"2019-12-15T22:35:08","guid":{"rendered":"https:\/\/www.odiolanavidad.es\/?page_id=33"},"modified":"2023-12-27T19:56:34","modified_gmt":"2023-12-27T19:56:34","slug":"escapes","status":"publish","type":"page","link":"https:\/\/www.odiolanavidad.es\/index.php\/escapes\/","title":{"rendered":"Escapes"},"content":{"rendered":"\n<p>En este espacio hab\u00eda pensado colocar los lugares libres  de navidad y, por tanto, deseables para el solaz, la visita, la huida o  el descanso de la calle. Ser\u00edan el equivalente a los seguros del  parch\u00eds, agujeros donde el tiempo no transcurre con la vor\u00e1gine imb\u00e9cil  del resto. Pero no me env\u00eda nadie los enlaces y yo en estas \u00e9pocas estoy  para todo menos para la caza y captura de locales. La lista, de  momento, la dejo en blanco hasta que el respetable haga env\u00edo de  material.<br>Si hay ganas de ir al cine ya saben  ustedes que la mierda yanqui de baja estofa mental y p\u00e9sima calidad  suele dominar en estas fechas las carteleras de pretendidas \u00abaventuras\u00bb  de ladrones de navidades (ojal\u00e1), padres ganadores o bazofias  sentimentaloides. PERO como tambi\u00e9n hay odiadores de la navidad entre  los directores de cine tenemos, para gozar, entre otros:&nbsp;<\/p>\n\n\n\n<p><a href=\"https:\/\/es.wikipedia.org\/wiki\/El_d%C3%ADa_de_la_bestia\" target=\"_blank\" rel=\"noreferrer noopener\">El d\u00eda de la bestia [Pel\u00edcula de Alex de la Iglesia] (1995)<\/a><\/p>\n\n\n\n<p>Tambi\u00e9n  pongo alg\u00fan enlace en la secci\u00f3n LEER para quienes gustan de ese vicio.  No obstante, recibido este poema de Ferlingheti en traducci\u00f3n de Luis Ingelmo, no me resisto a colocarlo ac\u00e1 para su goce.  Actualizaci\u00f3n: se ha perdido el enlace, as\u00ed que busco otra traducci\u00f3n y la coloco debajo de estas l\u00edneas, as\u00ed como la versi\u00f3n original.<\/p>\n\n\n\n<p><a rel=\"noreferrer noopener\" href=\"https:\/\/uuwestport.org\/christ-climbed-down\/\" target=\"_blank\">Christ climbed down &#8211; [Lawrence Ferlighetti]- Orginal en ingl\u00e9s<\/a><\/p>\n\n\n\n<p><a href=\"https:\/\/ciudadseva.com\/texto\/cristo-se-bajo\/\" target=\"_blank\" rel=\"noreferrer noopener\">Cristo se baj\u00f3 &#8211; Lawrence Ferlinghetti] [traduccion al castellano] <\/a><\/p>\n\n\n\n<p>Ha aparecido recientemente un c\u00f3mic del autor franc\u00e9sTronche que se llama <a href=\"https:\/\/futuramacomics.es\/producto\/navilandia\/\">Navilandia<\/a> . No es una novedad editorial en el pa\u00eds vecino donde apareci\u00f3 en 1998, pero s\u00f3lo ahora se puede disfrutar en castellano. Vean, si as\u00ed lo desean, unas p\u00e1ginas del \u00e1cido humor lleno de cr\u00edtica social que contiene el c\u00f3mic. Quiz\u00e1 incluso decidan regal\u00e1rselo si su econom\u00eda se lo permite.<\/p>\n\n\n\n<p>Entre las canciones en la l\u00ednea de este sentimiento de asquito y repulsa -que las hay- se encuentran:<\/p>\n\n\n\n<ul class=\"wp-block-list\">\n<li><a href=\"https:\/\/www.youtube.com\/watch?v=oiTB8YKc018\">Me cago en la puta navidad<\/a> &#8211; El chivi<\/li>\n<\/ul>\n\n\n\n<ul class=\"wp-block-list\">\n<li><a href=\"https:\/\/www.youtube.com\/watch?v=t2nu4mmLnTk\" data-type=\"link\" data-id=\"https:\/\/www.youtube.com\/watch?v=t2nu4mmLnTk\">Pichancico<\/a> &#8211; Juampa y la raja<\/li>\n<\/ul>\n","protected":false},"excerpt":{"rendered":"<p>En este espacio hab\u00eda pensado colocar los lugares libres de navidad y, por tanto, deseables para el solaz, la visita, la huida o el descanso de la calle. Ser\u00edan el equivalente a los seguros del parch\u00eds, agujeros donde el tiempo no transcurre con la vor\u00e1gine imb\u00e9cil del resto. Pero no me env\u00eda nadie los enlaces &hellip; <\/p>\n<p class=\"link-more\"><a href=\"https:\/\/www.odiolanavidad.es\/index.php\/escapes\/\" class=\"more-link\">Continuar leyendo<span class=\"screen-reader-text\"> \u00abEscapes\u00bb<\/span><\/a><\/p>\n","protected":false},"author":1,"featured_media":0,"parent":0,"menu_order":0,"comment_status":"closed","ping_status":"closed","template":"","meta":{"footnotes":""},"class_list":["post-33","page","type-page","status-publish","hentry"],"_links":{"self":[{"href":"https:\/\/www.odiolanavidad.es\/index.php\/wp-json\/wp\/v2\/pages\/33","targetHints":{"allow":["GET"]}}],"collection":[{"href":"https:\/\/www.odiolanavidad.es\/index.php\/wp-json\/wp\/v2\/pages"}],"about":[{"href":"https:\/\/www.odiolanavidad.es\/index.php\/wp-json\/wp\/v2\/types\/page"}],"author":[{"embeddable":true,"href":"https:\/\/www.odiolanavidad.es\/index.php\/wp-json\/wp\/v2\/users\/1"}],"replies":[{"embeddable":true,"href":"https:\/\/www.odiolanavidad.es\/index.php\/wp-json\/wp\/v2\/comments?post=33"}],"version-history":[{"count":15,"href":"https:\/\/www.odiolanavidad.es\/index.php\/wp-json\/wp\/v2\/pages\/33\/revisions"}],"predecessor-version":[{"id":1449,"href":"https:\/\/www.odiolanavidad.es\/index.php\/wp-json\/wp\/v2\/pages\/33\/revisions\/1449"}],"wp:attachment":[{"href":"https:\/\/www.odiolanavidad.es\/index.php\/wp-json\/wp\/v2\/media?parent=33"}],"curies":[{"name":"wp","href":"https:\/\/api.w.org\/{rel}","templated":true}]}}